 digit of o?
3
Let x = 32536 + -17029. What is the hundreds digit of x?
5
Let l(o) = -o**3 - 54*o**2 - 57*o + 210. What is the tens digit of l(-53)?
2
Let k = -2123 - -3182. What is the hundreds digit of k?
0
Suppose 10903*v - 10878*v = 517275. What is the hundreds digit of v?
6
Let a be ((-6)/((-6)/3))/(9/(-6)). Let d(b) = -159*b - 11. Let u(s) = -80*s - 5. Let n(v) = 6*d(v) - 11*u(v). What is the units digit of n(a)?
7
Let a(w) = 108*w + 314. Let j be a(-13). Let m = 1649 + j. What is the tens digit of m?
5
Let o = 162 - 162. Suppose 12*j - 614 - 286 = o. What is the units digit of j?
5
What is the thousands digit of 5/((60/67176)/1)?
5
Let u(d) = 67*d - 13. Let t be u(7). Let v = t + -251. Suppose -3*r = 2*r - v. What is the units digit of r?
1
Suppose -16*w = -39*w + 92. Suppose w*t + 2842 = 2*j, j - 689 = t + 730. What is the hundreds digit of j?
4
Suppose -5 = 5*g - 10, -2*d + 1189 = -3*g. What is the hundreds digit of d?
5
Let m(p) = -1. Let y(r) = -35*r + 24. Suppose -i - 3*i + h + 6 = 0, 4*i = 3*h + 10. Let g(a) = i*y(a) + 2*m(a). What is the tens digit of g(-6)?
3
Suppose -20*n - 9*n = 119712 - 899928. What is the units digit of n?
4
What is the tens digit of 9/(-2)*8184/(-36)?
2
Let d be (-4)/18 + (-595)/(-45) + -2. Suppose 0 = d*c - 369 - 16. Let f = 30 + c. What is the tens digit of f?
6
What is the tens digit of 63588/9*((-9384)/4830 - 14/(-5))?
5
Suppose -5*b - 4*y = -67566, 525*b + 4*y = 529*b - 54024. What is the ten thousands digit of b?
1
Let q(r) = 12*r**2 - 26*r - 41. Suppose 5*l = -4*n - 24, -l = -12*n + 16*n + 24. What is the units digit of q(n)?
7
Let l(b) = -16246*b + 21. Let c be l(1). What is the tens digit of 6 + c/(-15) - 4/6?
8
Suppose 4*k - 35 = -15. Suppose -k*b + 4596 = 7*b. What is the tens digit of b?
8
Suppose 4*i - 151 = -r + 458, -564 = -r + 5*i. Suppose 49*j = 54*j - 10, 2*a + 2 = 4*j. Suppose -8*n + r + a = 0. What is the tens digit of n?
7
Suppose -3*q = -v + 2*v - 263, 5*q - v - 425 = 0. Suppose 5*k - 150 = -2*m, 0 = 3*k - 0*k + 2*m - q. What is the tens digit of 20/(-1)*(-48)/k?
3
Suppose 0 = 2*p - 16, -8*f - 5*p = -9*f + 30043. What is the hundreds digit of f?
0
Suppose -9*r + 22860 - 8361 = 0. Suppose -4*a + 5*w + 1968 = -175, 3*a = 3*w + r. What is the units digit of a?
2
Let n = 3995 - -14. What is the thousands digit of n?
4
Let f(v) = -9*v**2 + 2*v - 3. Let y be f(2). Let o(l) = -66*l + 65. Let t be o(0). Let k = y + t. What is the tens digit of k?
3
Let b = -4530 + 12765. What is the units digit of b?
5
Let o = -1716 + -1768. Let p = -2014 - o. What is the tens digit of p?
7
Suppose -5247 = 3*m - 3*j - 26607, -14231 = -2*m + 5*j. What is the units digit of m?
3
Let z be (-1)/((-7)/(-2) + -4). Let o be 0 - (-5 + z + 2 + -20). Let j = o - -1. What is the units digit of j?
2
Let p(s) = s**3 + 4*s**2 - s - 2. Let z be p(-4). Suppose 3*j + 1376 = -2*j + z*g, -3*j - 826 = -g. Let m = 413 + j. What is the units digit of m?
7
Let g = -1120 + 400. Let t = g + 1080. Suppose 3*f - t = -57. What is the hundreds digit of f?
1
Suppose 4*b - 498 = -3*z + 449, 2 = b. Suppose -j = -0*j - 224. Let k = z - j. What is the units digit of k?
9
Suppose -v - 10 = -2*v. What is the units digit of (-9)/(-6)*1 - (-3375)/v?
9
Let m(s) = -3*s**2 + 370*s - 150. What is the hundreds digit of m(72)?
9
Suppose -75 = -10*b + 205. Suppose 35*x + b*x = 47250. What is the hundreds digit of x?
7
Suppose -4*m + 5 = -4*n - 15, n + 3*m - 11 = 0. Let q be (-5 - (-810)/99) + (-2)/11. What is the units digit of n - -194*(1 - q/6)?
6
What is the thousands digit of 8*(-3 - -2) - (-5162 + 11)?
5
Let d(i) = 9*i**3 - 5*i**2 - 14*i + 20. Let f be d(5). Suppose 1010 = 5*z - f. What is the hundreds digit of z?
3
Suppose -4*i + 3*g = -102831, 144659 = 5*i - 7*g + 16143. What is the ten thousands digit of i?
2
Let c be (0 + 146)/((-6)/9 - 0). Let a = -126 - c. Let r = -20 + a. What is the units digit of r?
3
Let k = 490 + -456. Suppose k*o = 16*o + 10458. What is the units digit of o?
1
Let t(u) = -5*u + 19. Let v be t(2). Let p = v + 85. What is the tens digit of p?
9
Suppose 2*y - 74 = -66. Suppose 818 = 2*p + 4*k - 9*k, 4*p + y*k - 1608 = 0. What is the tens digit of p?
0
Suppose -2*i + 14403 = 5*v, 87*v - 15 = 92*v. What is the units digit of i?
9
Let p = -765 - -767. Suppose 1324 + 734 = p*t. What is the hundreds digit of t?
0
What is the units digit of (6/(-9))/(18/(-131652))?
6
What is the units digit of (-6 - 8/(-4))*5880870/(-552)?
5
Suppose -d - 1328 = -9*d. Let r = 148 + d. What is the units digit of r?
4
What is the thousands digit of ((-556)/(-3) - 0)/(156/5382)?
6
Let k be 15168/18 + (-4)/6. Suppose 0 = 2*l + 198 - k. What is the tens digit of l?
2
Suppose 4379 = -32*z + 19099. Let c = z + 377. What is the units digit of c?
7
Let d = 8 - 11. Let a(u) = 178*u + 386. Let w(b) = 59*b + 112. Let x(r) = 2*a(r) - 7*w(r). What is the hundreds digit of x(d)?
1
Suppose -2*a + 88 = 3*o, 2*o = 2*a - 0*a + 62. What is the units digit of o?
0
Suppose -4*x - 18467 = -73975. Suppose -10*p + x = -3783. What is the tens digit of p?
6
Suppose -54*g = 49*g - 48616. What is the tens digit of g?
7
What is the units digit of 396503/129*(-2 - (1 - 9))?
2
Let r = -1723 + 7624. What is the units digit of r?
1
Let k = 14411 - 6417. What is the hundreds digit of k?
9
Suppose 2*m - 4*n = 2398, -3*m + 2948 = 3*n - 694. Suppose 3*h - m = -p, -4*h + 2*h + 5*p + 823 = 0. What is the units digit of h?
4
Let j = 17466 + 6704. What is the hundreds digit of j?
1
Suppose 41216 + 225856 = -13*j + 29*j. What is the ten thousands digit of j?
1
Let k = 2995 - -2579. Suppose -187*q = -181*q - k. What is the tens digit of q?
2
Let m = 237 - 753. Let l = 105 - m. What is the hundreds digit of l?
6
Let h = 35508 + -17527. What is the hundreds digit of h?
9
Let t(y) = -50*y**3 + 21*y**2 + 10*y + 55. What is the hundreds digit of t(-4)?
5
Let l(w) = -w**2 - 8*w - 11. Let n be l(-3). Suppose v + g - 466 = 0, g - 1892 = -4*v + n*g. What is the hundreds digit of v?
4
Let h(z) be the third derivative of 13*z**5/30 + z**4/6 + z**3/2 + 185*z**2. What is the hundreds digit of h(-5)?
6
Let l = 129 - 132. What is the tens digit of l - 7/((-7)/125)?
2
Suppose 0 = 4*q - 2*b - 77724, 0 = -2867*q + 2872*q - 3*b - 97157. What is the hundreds digit of q?
4
Let h(v) = 4*v**3 - 67*v**2 - 33*v + 124. What is the units digit of h(32)?
2
Suppose 0 = -14*d + 21*d + 21. What is the units digit of 4685/d*(-108)/180?
7
Let i = 5782 + -3773. What is the thousands digit of i?
2
Suppose -5*h + 255 = -6*x + x, x + 4*h = -46. Let m = 80 + x. Suppose -460 = -2*t - m. What is the units digit of t?
5
Suppose 4*b - 109395 = -155*l + 156*l, b - 27330 = 4*l. What is the thousands digit of b?
7
Let a(p) be the second derivative of -p**4/6 - 19*p**3/6 - 8*p**2 - 30*p. Let w be a(-8). Suppose 0 = -w*b + 6*b + 214. What is the tens digit of b?
0
Suppose -3*i + 12 = 6. Suppose l + 4*l - 14 = -i*s, 0 = 3*l. Let h(b) = 2*b**2 - 3*b - 35. What is the units digit of h(s)?
2
Let g(x) = -11*x - 40. Let j be g(-4). Suppose -j*m - 72 + 592 = 0. What is the hundreds digit of m?
1
Let x(y) = -53*y + 147. Let g(s) = 13*s - 37. Let p(w) = 22*g(w) + 6*x(w). What is the hundreds digit of p(-12)?
4
Let a be 972184/(-6) + (-42)/(-63). What is the hundreds digit of (-6)/(-16) - a/176?
9
Suppose u - 7629 = -b, 2*b - 21565 - 8963 = -4*u. What is the tens digit of u?
3
Let r be -384*1*5/(-10). Suppose -8*d = -0*d + r. What is the hundreds digit of d/(-30) - 2044/(-20)?
1
Suppose 236 = 5*o + 4*h, 0 = -5*o + h - 39 + 255. Suppose 4*j - 3*j = 0. Suppose j = -b - b + o. What is the tens digit of b?
2
What is the tens digit of (-6204)/(-54) - 240/270?
1
Let t be (4 - 0 - 2) + -1. What is the units digit of ((-6)/10 + t)/(11/16390)?
6
Suppose 2*n - 8 = 0, -49*n = -c - 47*n + 1235. What is the tens digit of c?
4
Let z be 1 + (3 + 0 - 4). Suppose 0 = -g - z*j + 5*j + 459, 3*g = -j + 1393. What is the tens digit of g?
6
Let i = -83 + 94. Suppose 0 = -5*t + c - 9, -3*t - i = 3*c + 2*c. Let h(s) = 17*s**2 - s - 4. What is the units digit of h(t)?
6
Let o be (-4*(6 + -37))/((-4)/(-18)). Suppose -2*n = -o - 738. Suppose 3*m - t - 648 = 0, 2*m - 3*t = -m + n. What is the units digit of m?
6
Let u(w) = -5*w - 13. Let x be u(-3). Suppose -2*b = -x*i